 + -16178. What is the remainder when o is divided by 49?
16
Let d(m) = 3*m - 25. Let f be d(9). Suppose 0 = 4*k - 2*k + f*y - 48, -2*k + 76 = -5*y. Calculate the remainder when k is divided by 15.
13
Suppose 5*q - 24*q = -437. Suppose 0*k + 2*k = 360. What is the remainder when k is divided by q?
19
Let c(m) = 4*m - 1. Suppose 8 = -18*o + 134. What is the remainder when c(10) is divided by o?
4
Suppose -p + 509 = -5*x, -x = -65*p + 70*p - 2363. Calculate the remainder when p is divided by 29.
10
Suppose 0 = 4*c + 20*d - 22*d - 4632, c = 2*d + 1164. Calculate the remainder when c is divided by 116.
112
Let c = -556 + 573. Suppose -26*a + 129 = c*a. Calculate the remainder when 100 is divided by a.
1
Let c = -291 - -320. Suppose -3*x + 41 + 8 = 4*g, -2*g - 3*x = -c. Suppose -3*y + n + 35 = -n, 2*n - 4 = 0. Calculate the remainder when y is divided by g.
3
Let i(l) = l - 4. Let b be i(4). Suppose 0 = -a + 4*r + 194, 2*a - 377 = -b*a - 3*r. Suppose 2*d = a + 26. What is the remainder when d is divided by 28?
24
Let f = -15359 - -15484. What is the remainder when 14746 is divided by f?
121
Let s be 1/3 - 56/(-3). Suppose 0 = 16*z - s*z + 201. Let w = 79 - z. What is the remainder when 191 is divided by w?
11
Let y be (-1 + -1)/(-6) - 5969/(-381). Let q(l) = 3*l**3 + 2*l**2 - l - 2. What is the remainder when (-464)/32 + y + (-215)/(-2) is divided by q(2)?
25
Suppose 0 = 86*m - 3*m - 1062 - 598. Let j = -75 - -92. Calculate the remainder when m is divided by j.
3
Suppose -5*b - 90 = -5*l + 335, 4*l - 326 = -3*b. Suppose -5*u + l - 23 = 5*q, -3*q = -2*u + 49. What is the remainder when 63 is divided by u?
12
Let n(y) = 2*y**2 + 9*y + 453. What is the remainder when n(26) is divided by 66?
59
Suppose -202*h - 24510 = -209*h - 107*h. Calculate the remainder when 2591 is divided by h.
11
Suppose 0 = -20*n + 1266 + 4554. What is the remainder when n is divided by 138?
15
Let b(a) = -184*a + 35. Let t be b(-4). Suppose 3*m - 3*z = t, 0 = -3*m + 4*m + 5*z - 257. What is the remainder when m is divided by 65?
62
Let q = 4 - 2. Suppose -5*u + q*u = -252. Let h = -925 - -947. What is the remainder when u is divided by h?
18
Suppose -14828 = -75*o - 5453. Calculate the remainder when 525 is divided by o.
25
Let r(z) = 2*z**2 - 42*z - 1461. What is the remainder when r(-23) is divided by 15?
8
Suppose -2*a + 4 + 14 = 3*w, 2*a - 26 = -4*w. Calculate the remainder when 35 is divided by w.
3
Suppose -13*r = -5*r - 8480. Let b = r - 752. Suppose -3*j + 25 = -4*l + b, -j = 2*l - 149. What is the remainder when l is divided by 19?
16
Let c = 52 + -11. Let r = -37947 + 37967. What is the remainder when c is divided by r?
1
Suppose -56 = -2*h - 2*n, -8*n = 565*h - 561*h - 120. Calculate the remainder when 85 is divided by h.
7
Let l = 61 + -50. Let b be 5 - 8/2 - 4. Calculate the remainder when -19*(6 + -4 + b) is divided by l.
8
Let v = -7196 - -7248. What is the remainder when 513 is divided by v?
45
Let d = 242 - 73. Let q = -136 + d. Let s = -18 + q. Calculate the remainder when s is divided by 6.
3
Let j(g) = -2*g + 8 - 2*g + 6*g - g. Let n = 113 + -113. Calculate the remainder when 23 is divided by j(n).
7
Let l(i) = 2*i**2 + 3*i - 3. Let x be l(3). Suppose v - x = 1. Calculate the remainder when (784/490)/(7/315) is divided by v.
22
Suppose -5*t - 2*b + 36 = 0, -2*t + 2*b = t - 12. Suppose -t*n = -2*n + x - 183, n - 44 = -2*x. What is the remainder when n is divided by 22?
2
Suppose 486 = -2*r + 5*r. Suppose r = -9*i - 297. Calculate the remainder when 83 is divided by (-1 + 4)*i/(-9).
15
Let i be 2*(-1 + -238) - (5 - 3). Let y = i - -599. What is the remainder when y is divided by 21?
14
Suppose -3*b - 522 - 435 = -5*l, 5*l = -4*b + 929. Calculate the remainder when l is divided by 5.
4
Suppose 5*n = -4*d + 881, 5*d - 26 = -6. Calculate the remainder when 1207 is divided by n.
169
Suppose f = 5*f - 56. Let d = f + 0. Suppose -473 + 113 = -15*r. What is the remainder when r is divided by d?
10
Let b(s) = 25*s - 9. Let a = 294 + -293. What is the remainder when 73 is divided by b(a)?
9
Suppose 5*f - 130 = 4*k, -4*k + 28 + 82 = 3*f. Calculate the remainder when ((-12)/f)/((-8)/3020) is divided by 26.
21
Let p(m) = -m**3 + 12*m**2 + m - 18. Let y be p(11). Suppose 0 = 40*d - 1566 - y. Calculate the remainder when 78 is divided by d.
36
Suppose 7*b - 3*l = 2*b + 961, 5*b - 958 = 4*l. Let c(o) = -6*o**3 - 2*o - 3. Let q be 10/(-8) - (-3)/(-4). Calculate the remainder when b is divided by c(q).
47
Suppose 5*b - 75 = -10. Suppose -o = -2*o + b. Suppose -4*q + 256 = 4*f, -13*q - 5*f - 121 = -15*q. What is the remainder when q is divided by o?
11
Let x = -9081 + 9113. Calculate the remainder when 2287 is divided by x.
15
Let c = 1 - -2. Suppose -c*b - 3 = 0, 3*u + 4*b - 141 = -2*u. Suppose -5*s - q + 65 = 4*q, -2*q + 15 = s. What is the remainder when u is divided by s?
7
Suppose 22968 = 72*s + 22896. Calculate the remainder when 366 is divided by s.
0
Let i be ((-452)/(-12) - 2)/((-2)/(-30)). Suppose -475 = -5*d - 4*q, -5*d + 4*q + i - 20 = 0. What is the remainder when d is divided by 6?
3
Let m(q) = -2*q**2 + 20*q + 2. Let a be m(10). Suppose a*p - 102 = 30. Calculate the remainder when 591 is divided by p.
63
Let t(v) = -v**3 + 12*v**2 - 24*v - 1. Calculate the remainder when 751 is divided by t(8).
58
Suppose 0 = 909*n - 444*n - 456*n - 846. Calculate the remainder when n is divided by 69.
25
Suppose 11*x - 4877 - 975 = 0. Suppose 0*y = 7*y - x. What is the remainder when y is divided by 27?
22
Suppose 60*g - 1405 - 8675 = 0. Calculate the remainder when 675 is divided by g.
3
Let y(n) = 10 + 12 - 26 + n + 3. Let w be y(7). Suppose -46 = 4*m - w*m. Calculate the remainder when 45 is divided by m.
22
Let u = 6 + -2. Let b = 2 + u. Let n = -3286 + 3296. What is the remainder when n is divided by b?
4
Suppose -1512 = 403*k - 511*k. Calculate the remainder when 587 is divided by k.
13
Let k = -46425 + 46460. Suppose -5*l = -0*l - 1915. Calculate the remainder when l is divided by k.
33
Let m(v) = 7*v - 43. Let y be m(9). What is the remainder when 119 is divided by -205*((-124)/y - -6)?
37
Suppose 0 = 8*p - 112 - 96. Let c = p - -136. Calculate the remainder when c is divided by 42.
36
Let m(h) = 3*h**2. Let t(c) = 6*c - 14. Let l be t(-5). Let o = l + 87. Calculate the remainder when o is divided by m(2).
7
Suppose 349 + 136 = 51*j + 26. What is the remainder when 1001 is divided by j?
2
Suppose -24*j = -710 - 1666. Calculate the remainder when 1282 is divided by j.
94
Let c(p) = -16*p + 2. Calculate the remainder when 234/(-6)*(-52)/26 is divided by c(-2).
10
Suppose 2*p + 0 = 4*k + 12, -2*k + 6 = 2*p. Let x be (-2)/(-13) - 4880/(-52). Suppose p = 7*u - x. What is the remainder when 69 is divided by u?
13
Suppose -51318 = -71*f + 64838. Calculate the remainder when f is divided by 94.
38
Let p(n) = 3*n**2 + 27*n - 3. Let d = -604 - -594. Calculate the remainder when 404 is divided by p(d).
26
Let r(n) = -6*n + 71. Suppose -4*o + 157 = 4*m - 7*o, 3*m - 114 = o. Let x = m - 31. Calculate the remainder when x is divided by r(11).
1
Let f = -725 + 728. Let w be (-12)/(-20) + (711/15 - -2). Let v = 77 - w. Calculate the remainder when v is divided by f.
0
Let t = -197 - -202. Suppose 0 = t*q - 35 - 55. What is the remainder when 33 is divided by q?
15
What is the remainder when ((-2)/3)/((20/(-13380))/1) is divided by 25?
21
What is the remainder when 289 is divided by 25 + 1518/(3 + 20)?
16
Suppose 74*i - 169 = 9680 + 8503. Calculate the remainder when 1246 is divided by i.
6
Let b(y) = -y**3 + 13*y**2 - 10*y + 6. Let t be b(4). Suppose -2*l = 1 + 1, -x = -3*l - 98. Let v = t - x. Calculate the remainder when 56 is divided by v.
11
What is the remainder when 37 is divided by ((-416)/39 - -11)/(1*(-2)/(-198))?
4
Suppose t = 2*a - 101 + 15, -2*a + 2*t = -90. Let f(d) = 10*d - 8. Let m be f(1). Suppose -m*l + 486 = l. Calculate the remainder when l is divided by a.
39
Suppose 0 = -22*d + 7*d + 14*d + 229. What is the remainder when 918 is divided by d?
2
Let y = -9725 - -9745. What is the remainder when 3*(2 - -155 - -2) is divided by y?
17
Let k = 28072 - 28041. Let s = 473 + -137. Calculate the remainder when s is divided by k.
26
Suppose 20 = v + 2*g - 8, 5*v - 166 